{"id":92,"date":"2019-03-18T11:11:11","date_gmt":"2019-03-18T15:11:11","guid":{"rendered":"http:\/\/blog.uvm.edu\/maunave\/?page_id=92"},"modified":"2020-02-24T16:02:37","modified_gmt":"2020-02-24T21:02:37","slug":"analysis-of-an-important-speech","status":"publish","type":"page","link":"https:\/\/blog.uvm.edu\/maunave\/degaulle\/analysis-of-an-important-speech\/","title":{"rendered":"Analysis of an important speech"},"content":{"rendered":"<p><iframe loading=\"lazy\" title=\"Analyse de l&#039;appel 18 juin 1940 du G\u00e9n\u00e9ral de Gaulle: R\u00e9sistance et France Libre\" width=\"640\" height=\"480\" src=\"https:\/\/www.youtube.com\/embed\/2sECL8wWrTM?feature=oembed\" frameborder=\"0\" allow=\"accelerometer; autoplay; clipboard-write; encrypted-media; gyroscope; picture-in-picture; web-share\" referrerpolicy=\"strict-origin-when-cross-origin\" allowfullscreen><\/iframe><\/p>\n","protected":false},"excerpt":{"rendered":"","protected":false},"author":3111,"featured_media":0,"parent":22,"menu_order":0,"comment_status":"closed","ping_status":"closed","template":"","meta":{"footnotes":""},"class_list":["post-92","page","type-page","status-publish","hentry"],"_links":{"self":[{"href":"https:\/\/blog.uvm.edu\/maunave\/wp-json\/wp\/v2\/pages\/92","targetHints":{"allow":["GET"]}}],"collection":[{"href":"https:\/\/blog.uvm.edu\/maunave\/wp-json\/wp\/v2\/pages"}],"about":[{"href":"https:\/\/blog.uvm.edu\/maunave\/wp-json\/wp\/v2\/types\/page"}],"author":[{"embeddable":true,"href":"https:\/\/blog.uvm.edu\/maunave\/wp-json\/wp\/v2\/users\/3111"}],"replies":[{"embeddable":true,"href":"https:\/\/blog.uvm.edu\/maunave\/wp-json\/wp\/v2\/comments?post=92"}],"version-history":[{"count":2,"href":"https:\/\/blog.uvm.edu\/maunave\/wp-json\/wp\/v2\/pages\/92\/revisions"}],"predecessor-version":[{"id":94,"href":"https:\/\/blog.uvm.edu\/maunave\/wp-json\/wp\/v2\/pages\/92\/revisions\/94"}],"up":[{"embeddable":true,"href":"https:\/\/blog.uvm.edu\/maunave\/wp-json\/wp\/v2\/pages\/22"}],"wp:attachment":[{"href":"https:\/\/blog.uvm.edu\/maunave\/wp-json\/wp\/v2\/media?parent=92"}],"curies":[{"name":"wp","href":"https:\/\/api.w.org\/{rel}","templated":true}]}}