{"id":332,"date":"2020-02-27T12:52:15","date_gmt":"2020-02-27T17:52:15","guid":{"rendered":"http:\/\/blog.uvm.edu\/maunave\/?page_id=332"},"modified":"2020-02-27T12:52:15","modified_gmt":"2020-02-27T17:52:15","slug":"la-poesie-de-la-resistance","status":"publish","type":"page","link":"https:\/\/blog.uvm.edu\/maunave\/poems\/la-poesie-de-la-resistance\/","title":{"rendered":"La Po\u00e9sie de la R\u00e9sistance"},"content":{"rendered":"\n<p>La Seconde Guerre mondiale et <strong>les ann\u00e9es d\u2019occupation<\/strong> ont provoqu\u00e9 de nombreuses r\u00e9actions chez les \u00e9crivains. Afin de t\u00e9moigner, d\u2019inciter \u00e0 la r\u00e9flexion et \u00e0 l\u2019action, <strong>d\u2019exprimer leur r\u00e9volte<\/strong>, ou encore <strong>d\u2019\u00e9chapper \u00e0 la censure<\/strong>, des po\u00e8tes se sont engag\u00e9s en utilisant toutes les richesses de la langue fran\u00e7aise.<\/p>\n\n\n\n<p>Gr\u00e2ce \u00e0 ce site rassemblant cinq po\u00e8mes \u00e9crits par 5 po\u00e8tes, je vous propose  un travail interdisciplinaire autour des po\u00e8mes de la R\u00e9sistance. Des lectures pourront \u00eatre confi\u00e9es&nbsp;<strong>\u00e0 des r\u00e9sistants ou d\u00e9port\u00e9s,&nbsp;<\/strong>qui t\u00e9moignent aujourd\u2019hui encore des sacrifices consentis, ou \u00e0 toute personnalit\u00e9 dont l\u2019engagement, le rayonnement ou la notori\u00e9t\u00e9 sont susceptibles de sensibiliser les \u00e9l\u00e8ves.<\/p>\n\n\n\n<h3 class=\"wp-block-heading\"><strong>Po\u00e9sie et engagement<\/strong><\/h3>\n\n\n\n<p>La multiplicit\u00e9 de la production po\u00e9tique pendant la Seconde Guerre mondiale et la&nbsp;<strong>notion<\/strong>&nbsp;m\u00eame de l\u2019\u00ab&nbsp;engagement&nbsp;\u00bb litt\u00e9raire soul\u00e8vent de nombreuses questions. Trois enjeux m\u00e9ritent examen.<\/p>\n\n\n\n<p>Tout d\u2019abord, la repr\u00e9sentation que le po\u00e8te a de lui-m\u00eame et de son r\u00f4le. Si \u00e9crire est acte de r\u00e9sistance, si la po\u00e9sie est en soi r\u00e9sistance, cela ne signifie pas n\u00e9cessairement que la participation r\u00e9sistante des po\u00e8tes \u00e0 l\u2019Histoire se confonde avec leur \u00e9criture. \u00ab&nbsp;Engagement&nbsp;\u00bb et \u00ab&nbsp;engagement litt\u00e9raire&nbsp;\u00bb sont \u00e0 dissocier.<\/p>\n\n\n\n<p>Deuxi\u00e8me enjeu&nbsp;: le rapport du po\u00e8te avec son public. Les \u00ab&nbsp;po\u00e8tes de la r\u00e9sistance&nbsp;\u00bb ont remport\u00e9 une \u00e9clatante victoire&nbsp;:<strong>&nbsp;ils ont r\u00e9concili\u00e9 la po\u00e9sie et son lectorat<\/strong>, traditionnellement confidentiel et \u00e9litiste. Cela s\u2019est traduit par une audience sans pr\u00e9c\u00e9dent. La production po\u00e9tique a conquis par la simplicit\u00e9 de son lexique, l\u2019efficacit\u00e9 de sa prosodie et la charge \u00e9motionnelle qu\u2019assumait son discours. Po\u00e9sie populaire ou cens\u00e9e pouvoir le devenir, elle offrait aux consciences en qu\u00eate d\u2019identification personnelle un miroir accessible.<\/p>\n\n\n\n<p>Derni\u00e8re question&nbsp;:&nbsp;<strong>la relation du po\u00e8te au langage<\/strong>. Outil de lib\u00e9ration civique aux accents voulus comme intemporels, assur\u00e9ment. Instrument de lib\u00e9ration po\u00e9tique ou d\u2019asservissement id\u00e9ologique&nbsp;? Po\u00e9sie de circonstance&nbsp;?&nbsp;<strong>\u00c9criture litt\u00e9raire ou non litt\u00e9raire&nbsp;?<\/strong><\/p>\n\n\n\n<p>La Seconde Guerre mondiale et les ann\u00e9es d\u2019occupation ont provoqu\u00e9 de nombreuses r\u00e9actions chez les \u00e9crivains. Afin de t\u00e9moigner, d\u2019inciter \u00e0 la r\u00e9flexion et \u00e0 l\u2019action, d\u2019exprimer leur r\u00e9volte, ou encore d\u2019\u00e9chapper \u00e0 la censure, des po\u00e8tes se sont engag\u00e9s en utilisant toutes les richesses de la langue fran\u00e7aise.<\/p>\n\n\n\n<p>Gr\u00e2ce \u00e0 ce dossier rassemblant treize po\u00e8mes \u00e9crits par huit po\u00e8tes, les enseignants peuvent proposer aux \u00e9l\u00e8ves un travail interdisciplinaire autour des po\u00e8mes de la R\u00e9sistance. Des lectures pourront \u00eatre confi\u00e9es \u00e0 des r\u00e9sistants ou d\u00e9port\u00e9s, qui t\u00e9moignent aujourd\u2019hui encore des sacrifices consentis, ou \u00e0 toute personnalit\u00e9 dont l\u2019engagement, le rayonnement ou la notori\u00e9t\u00e9 sont susceptibles de sensibiliser les \u00e9l\u00e8ves.<\/p>\n\n\n\n<p>Po\u00e9sie et engagement<br \/>\nLa multiplicit\u00e9 de la production po\u00e9tique pendant la Seconde Guerre mondiale et la notion m\u00eame de l\u2019\u00ab engagement \u00bb litt\u00e9raire soul\u00e8vent de nombreuses questions. Trois enjeux m\u00e9ritent examen.<\/p>\n\n\n\n<p>Tout d\u2019abord, la repr\u00e9sentation que le po\u00e8te a de lui-m\u00eame et de son r\u00f4le. Si \u00e9crire est acte de r\u00e9sistance, si la po\u00e9sie est en soi r\u00e9sistance, cela ne signifie pas n\u00e9cessairement que la participation r\u00e9sistante des po\u00e8tes \u00e0 l\u2019Histoire se confonde avec leur \u00e9criture. \u00ab Engagement \u00bb et \u00ab engagement litt\u00e9raire \u00bb sont \u00e0 dissocier.<\/p>\n\n\n\n<p>Deuxi\u00e8me enjeu : le rapport du po\u00e8te avec son public. Les \u00ab po\u00e8tes de la r\u00e9sistance \u00bb ont remport\u00e9 une \u00e9clatante victoire : ils ont r\u00e9concili\u00e9 la po\u00e9sie et son lectorat, traditionnellement confidentiel et \u00e9litiste. Cela s\u2019est traduit par une audience sans pr\u00e9c\u00e9dent. La production po\u00e9tique a conquis par la simplicit\u00e9 de son lexique, l\u2019efficacit\u00e9 de sa prosodie et la charge \u00e9motionnelle qu\u2019assumait son discours. Po\u00e9sie populaire ou cens\u00e9e pouvoir le devenir, elle offrait aux consciences en qu\u00eate d\u2019identification personnelle un miroir accessible.<\/p>\n\n\n\n<p>Derni\u00e8re question : la relation du po\u00e8te au langage. Outil de lib\u00e9ration civique aux accents voulus comme intemporels, assur\u00e9ment. Instrument de lib\u00e9ration po\u00e9tique ou d\u2019asservissement id\u00e9ologique ? Po\u00e9sie de circonstance ? \u00c9criture litt\u00e9raire ou non litt\u00e9raire ?<\/p>\n","protected":false},"excerpt":{"rendered":"<p>La Seconde Guerre mondiale et les ann\u00e9es d\u2019occupation ont provoqu\u00e9 de nombreuses r\u00e9actions chez les \u00e9crivains. Afin de t\u00e9moigner, d\u2019inciter \u00e0 la r\u00e9flexion et \u00e0 l\u2019action, d\u2019exprimer leur r\u00e9volte, ou encore d\u2019\u00e9chapper \u00e0 la censure, des po\u00e8tes se sont engag\u00e9s &hellip; <a href=\"https:\/\/blog.uvm.edu\/maunave\/poems\/la-poesie-de-la-resistance\/\">Continue reading <span class=\"meta-nav\">&rarr;<\/span><\/a><\/p>\n","protected":false},"author":3111,"featured_media":0,"parent":18,"menu_order":0,"comment_status":"closed","ping_status":"closed","template":"","meta":{"footnotes":""},"class_list":["post-332","page","type-page","status-publish","hentry"],"_links":{"self":[{"href":"https:\/\/blog.uvm.edu\/maunave\/wp-json\/wp\/v2\/pages\/332","targetHints":{"allow":["GET"]}}],"collection":[{"href":"https:\/\/blog.uvm.edu\/maunave\/wp-json\/wp\/v2\/pages"}],"about":[{"href":"https:\/\/blog.uvm.edu\/maunave\/wp-json\/wp\/v2\/types\/page"}],"author":[{"embeddable":true,"href":"https:\/\/blog.uvm.edu\/maunave\/wp-json\/wp\/v2\/users\/3111"}],"replies":[{"embeddable":true,"href":"https:\/\/blog.uvm.edu\/maunave\/wp-json\/wp\/v2\/comments?post=332"}],"version-history":[{"count":1,"href":"https:\/\/blog.uvm.edu\/maunave\/wp-json\/wp\/v2\/pages\/332\/revisions"}],"predecessor-version":[{"id":371,"href":"https:\/\/blog.uvm.edu\/maunave\/wp-json\/wp\/v2\/pages\/332\/revisions\/371"}],"up":[{"embeddable":true,"href":"https:\/\/blog.uvm.edu\/maunave\/wp-json\/wp\/v2\/pages\/18"}],"wp:attachment":[{"href":"https:\/\/blog.uvm.edu\/maunave\/wp-json\/wp\/v2\/media?parent=332"}],"curies":[{"name":"wp","href":"https:\/\/api.w.org\/{rel}","templated":true}]}}