{"id":296,"date":"2020-02-24T16:46:29","date_gmt":"2020-02-24T21:46:29","guid":{"rendered":"http:\/\/blog.uvm.edu\/maunave\/?page_id=296"},"modified":"2020-02-24T16:47:50","modified_gmt":"2020-02-24T21:47:50","slug":"regime-de-vichy","status":"publish","type":"page","link":"https:\/\/blog.uvm.edu\/maunave\/regime-de-vichy\/","title":{"rendered":"R\u00e9gime de Vichy"},"content":{"rendered":"<p>Juillet 1940-ao\u00fbt 1944\u00a0: le <strong>r\u00e9gime de Vichy<\/strong> (ou r\u00e9gime de l&#8217;\u00c9tat fran\u00e7ais) est un r\u00e9gime politique fran\u00e7ais sous <strong>l&#8217;occupation nazie.<\/strong><\/p>\n<p>Le chef d&#8217;\u00c9tat est le <strong>mar\u00e9chal P\u00e9tain<\/strong><\/p>\n<div id=\"attachment_301\" style=\"width: 650px\" class=\"wp-caption alignright\"><img loading=\"lazy\" decoding=\"async\" aria-describedby=\"caption-attachment-301\" src=\"http:\/\/blog.uvm.edu\/maunave\/files\/2020\/02\/France_map_Lambert-93_with_regions_and_departments-occupation_evolution-1024x325.png\" alt=\"\" width=\"640\" height=\"203\" class=\"size-large wp-image-301\" srcset=\"https:\/\/blog.uvm.edu\/maunave\/files\/2020\/02\/France_map_Lambert-93_with_regions_and_departments-occupation_evolution-1024x325.png 1024w, https:\/\/blog.uvm.edu\/maunave\/files\/2020\/02\/France_map_Lambert-93_with_regions_and_departments-occupation_evolution-300x95.png 300w, https:\/\/blog.uvm.edu\/maunave\/files\/2020\/02\/France_map_Lambert-93_with_regions_and_departments-occupation_evolution-768x243.png 768w, https:\/\/blog.uvm.edu\/maunave\/files\/2020\/02\/France_map_Lambert-93_with_regions_and_departments-occupation_evolution-1536x487.png 1536w, https:\/\/blog.uvm.edu\/maunave\/files\/2020\/02\/France_map_Lambert-93_with_regions_and_departments-occupation_evolution.png 1896w\" sizes=\"auto, (max-width: 640px) 100vw, 640px\" \/><p id=\"caption-attachment-301\" class=\"wp-caption-text\">Evolution de la zone occup\u00e9e et la zone libre<\/p><\/div>\n<p>Le gouvernement s&#8217;installe \u00e0 Vichy en \u00ab\u00a0<strong>zone libre<\/strong>\u00a0\u00bb, et P\u00e9tain obtient de la majorit\u00e9 du Parlement les pleins pouvoirs. La collaboration a plusieurs formes: coop\u00e9ration \u00e9conomique, arrestations de r\u00e9sistants, de francs-ma\u00e7ons, et d&#8217;opposants politiques ainsi que de rafles de Juifs rafle (raid) \u00a0du Vel d\u2019Hiv\u00a0: 16-17 juillet 1942.<\/p>\n<p>11 novembre 1942\u00a0: La libert\u00e9 de la zone sud est plus th\u00e9orique que r\u00e9elle, l&#8217;arm\u00e9e d&#8217;occupation envahit cette zone. Les autorit\u00e9s militaires allemandes \u00a0contr\u00f4lent et dirigent. L&#8217;\u00c9tat fran\u00e7ais instaure alors le service du travail obligatoire (STO) et laisse <strong>la Milice<\/strong> chasser les r\u00e9sistants et les Juifs.<\/p>\n<p>&nbsp;<\/p>\n<p>&nbsp;<\/p>\n","protected":false},"excerpt":{"rendered":"<p>Juillet 1940-ao\u00fbt 1944\u00a0: le r\u00e9gime de Vichy (ou r\u00e9gime de l&#8217;\u00c9tat fran\u00e7ais) est un r\u00e9gime politique fran\u00e7ais sous l&#8217;occupation nazie. Le chef d&#8217;\u00c9tat est le mar\u00e9chal P\u00e9tain Le gouvernement s&#8217;installe \u00e0 Vichy en \u00ab\u00a0zone libre\u00a0\u00bb, et P\u00e9tain obtient de la &hellip; <a href=\"https:\/\/blog.uvm.edu\/maunave\/regime-de-vichy\/\">Continue reading <span class=\"meta-nav\">&rarr;<\/span><\/a><\/p>\n","protected":false},"author":3111,"featured_media":0,"parent":0,"menu_order":0,"comment_status":"closed","ping_status":"closed","template":"","meta":{"footnotes":""},"class_list":["post-296","page","type-page","status-publish","hentry"],"_links":{"self":[{"href":"https:\/\/blog.uvm.edu\/maunave\/wp-json\/wp\/v2\/pages\/296","targetHints":{"allow":["GET"]}}],"collection":[{"href":"https:\/\/blog.uvm.edu\/maunave\/wp-json\/wp\/v2\/pages"}],"about":[{"href":"https:\/\/blog.uvm.edu\/maunave\/wp-json\/wp\/v2\/types\/page"}],"author":[{"embeddable":true,"href":"https:\/\/blog.uvm.edu\/maunave\/wp-json\/wp\/v2\/users\/3111"}],"replies":[{"embeddable":true,"href":"https:\/\/blog.uvm.edu\/maunave\/wp-json\/wp\/v2\/comments?post=296"}],"version-history":[{"count":7,"href":"https:\/\/blog.uvm.edu\/maunave\/wp-json\/wp\/v2\/pages\/296\/revisions"}],"predecessor-version":[{"id":305,"href":"https:\/\/blog.uvm.edu\/maunave\/wp-json\/wp\/v2\/pages\/296\/revisions\/305"}],"wp:attachment":[{"href":"https:\/\/blog.uvm.edu\/maunave\/wp-json\/wp\/v2\/media?parent=296"}],"curies":[{"name":"wp","href":"https:\/\/api.w.org\/{rel}","templated":true}]}}