{"id":262,"date":"2019-02-15T13:51:37","date_gmt":"2019-02-15T17:51:37","guid":{"rendered":"http:\/\/blog.uvm.edu\/huertas\/?page_id=262"},"modified":"2020-02-03T13:56:25","modified_gmt":"2020-02-03T17:56:25","slug":"meet-our-team","status":"publish","type":"page","link":"https:\/\/blog.uvm.edu\/huertas\/meet-our-team\/","title":{"rendered":"Meet Our Team!"},"content":{"rendered":"\n<p>Each year, Huertas recruits bright, motivated students to help coordinate and run the project for the spring-summer seasons. Below are profiles of our current interns and fellows.<\/p>\n\n\n\n<p>Cada a\u00f1o, Huertas recluta inteligente, motivado estudiantes para ayudan coordinar y dirigir el proyecto para la estaci\u00f3n de primavera y verano. Debajo est\u00e1n los perfiles de nuestros becarias y compa\u00f1eros.<\/p>\n\n\n\n<p class=\"has-text-align-center has-medium-font-size\"><strong>2020 Interns<\/strong><\/p>\n\n\n\n<div class=\"wp-block-image\"><figure class=\"alignleft size-large is-resized\"><img loading=\"lazy\" decoding=\"async\" src=\"https:\/\/blog.uvm.edu\/huertas\/files\/2020\/02\/Mepicture-768x1024.jpg\" alt=\"\" class=\"wp-image-373\" width=\"182\" height=\"243\" srcset=\"https:\/\/blog.uvm.edu\/huertas\/files\/2020\/02\/Mepicture-768x1024.jpg 768w, https:\/\/blog.uvm.edu\/huertas\/files\/2020\/02\/Mepicture-225x300.jpg 225w, https:\/\/blog.uvm.edu\/huertas\/files\/2020\/02\/Mepicture-1152x1536.jpg 1152w, https:\/\/blog.uvm.edu\/huertas\/files\/2020\/02\/Mepicture-1536x2048.jpg 1536w, https:\/\/blog.uvm.edu\/huertas\/files\/2020\/02\/Mepicture-scaled.jpg 1920w\" sizes=\"auto, (max-width: 182px) 100vw, 182px\" \/><figcaption><strong>Carina Isbell, Media &amp; Communication Intern<\/strong><br \/>carina.isbell@uvm.edu<\/figcaption><\/figure><\/div>\n\n\n\n<div class=\"wp-block-image\"><figure class=\"alignright size-large is-resized\"><img loading=\"lazy\" decoding=\"async\" src=\"https:\/\/blog.uvm.edu\/huertas\/files\/2020\/02\/IMG-20200203-WA0000-767x1024.jpg\" alt=\"\" class=\"wp-image-382\" width=\"190\" height=\"253\" srcset=\"https:\/\/blog.uvm.edu\/huertas\/files\/2020\/02\/IMG-20200203-WA0000-767x1024.jpg 767w, https:\/\/blog.uvm.edu\/huertas\/files\/2020\/02\/IMG-20200203-WA0000-225x300.jpg 225w, https:\/\/blog.uvm.edu\/huertas\/files\/2020\/02\/IMG-20200203-WA0000-768x1026.jpg 768w, https:\/\/blog.uvm.edu\/huertas\/files\/2020\/02\/IMG-20200203-WA0000-1150x1536.jpg 1150w, https:\/\/blog.uvm.edu\/huertas\/files\/2020\/02\/IMG-20200203-WA0000.jpg 1198w\" sizes=\"auto, (max-width: 190px) 100vw, 190px\" \/><figcaption><strong>Julissa Vesely, Field Intern<\/strong><br \/>kate.vesely@uvm.edu<\/figcaption><\/figure><\/div>\n\n\n\n<div class=\"wp-block-image\"><figure class=\"alignright size-large is-resized\"><img loading=\"lazy\" decoding=\"async\" src=\"https:\/\/blog.uvm.edu\/huertas\/files\/2020\/02\/Helaina-website-pic-1-768x1024.jpg\" alt=\"\" class=\"wp-image-375\" width=\"182\" height=\"244\" srcset=\"https:\/\/blog.uvm.edu\/huertas\/files\/2020\/02\/Helaina-website-pic-1-768x1024.jpg 768w, https:\/\/blog.uvm.edu\/huertas\/files\/2020\/02\/Helaina-website-pic-1-225x300.jpg 225w, https:\/\/blog.uvm.edu\/huertas\/files\/2020\/02\/Helaina-website-pic-1-1152x1536.jpg 1152w, https:\/\/blog.uvm.edu\/huertas\/files\/2020\/02\/Helaina-website-pic-1.jpg 1200w\" sizes=\"auto, (max-width: 182px) 100vw, 182px\" \/><figcaption><strong>Helaina Curtin, Field Intern<\/strong><br \/>helaina.curtin@uvm.edu<\/figcaption><\/figure><\/div>\n\n\n\n<div class=\"wp-block-image\"><figure class=\"alignleft size-large is-resized\"><img loading=\"lazy\" decoding=\"async\" src=\"http:\/\/blog.uvm.edu\/huertas\/files\/2020\/01\/Mia-website-pic-1024x1024.jpg\" alt=\"\" class=\"wp-image-365\" width=\"227\" height=\"227\" srcset=\"https:\/\/blog.uvm.edu\/huertas\/files\/2020\/01\/Mia-website-pic-1024x1024.jpg 1024w, https:\/\/blog.uvm.edu\/huertas\/files\/2020\/01\/Mia-website-pic-300x300.jpg 300w, https:\/\/blog.uvm.edu\/huertas\/files\/2020\/01\/Mia-website-pic-150x150.jpg 150w, https:\/\/blog.uvm.edu\/huertas\/files\/2020\/01\/Mia-website-pic-768x769.jpg 768w, https:\/\/blog.uvm.edu\/huertas\/files\/2020\/01\/Mia-website-pic-1536x1536.jpg 1536w, https:\/\/blog.uvm.edu\/huertas\/files\/2020\/01\/Mia-website-pic-2046x2048.jpg 2046w\" sizes=\"auto, (max-width: 227px) 100vw, 227px\" \/><figcaption><strong>Mia Ellis, Field Intern<\/strong><br \/>mia.ellis@uvm.edu<\/figcaption><\/figure><\/div>\n\n\n\n<figure class=\"wp-block-image size-large is-resized\"><img loading=\"lazy\" decoding=\"async\" src=\"https:\/\/blog.uvm.edu\/huertas\/files\/2020\/02\/annika-1.jpg\" alt=\"\" class=\"wp-image-387\" width=\"226\" height=\"213\" srcset=\"https:\/\/blog.uvm.edu\/huertas\/files\/2020\/02\/annika-1.jpg 747w, https:\/\/blog.uvm.edu\/huertas\/files\/2020\/02\/annika-1-300x282.jpg 300w\" sizes=\"auto, (max-width: 226px) 100vw, 226px\" \/><figcaption><strong>Annika Ruben, Returning Fellow<\/strong><br \/>aruben@uvm.edu<\/figcaption><\/figure>\n","protected":false},"excerpt":{"rendered":"<p>Each year, Huertas recruits bright, motivated students to help coordinate and run the project for the spring-summer seasons. Below are profiles of our current interns and fellows. Cada a\u00f1o, Huertas recluta inteligente, motivado estudiantes para ayudan coordinar y dirigir el proyecto para la estaci\u00f3n de primavera y verano. Debajo est\u00e1n los perfiles de nuestros becarias [&hellip;]<\/p>\n","protected":false},"author":5934,"featured_media":0,"parent":0,"menu_order":0,"comment_status":"closed","ping_status":"closed","template":"","meta":{"footnotes":""},"class_list":["post-262","page","type-page","status-publish","hentry"],"_links":{"self":[{"href":"https:\/\/blog.uvm.edu\/huertas\/wp-json\/wp\/v2\/pages\/262","targetHints":{"allow":["GET"]}}],"collection":[{"href":"https:\/\/blog.uvm.edu\/huertas\/wp-json\/wp\/v2\/pages"}],"about":[{"href":"https:\/\/blog.uvm.edu\/huertas\/wp-json\/wp\/v2\/types\/page"}],"author":[{"embeddable":true,"href":"https:\/\/blog.uvm.edu\/huertas\/wp-json\/wp\/v2\/users\/5934"}],"replies":[{"embeddable":true,"href":"https:\/\/blog.uvm.edu\/huertas\/wp-json\/wp\/v2\/comments?post=262"}],"version-history":[{"count":19,"href":"https:\/\/blog.uvm.edu\/huertas\/wp-json\/wp\/v2\/pages\/262\/revisions"}],"predecessor-version":[{"id":388,"href":"https:\/\/blog.uvm.edu\/huertas\/wp-json\/wp\/v2\/pages\/262\/revisions\/388"}],"wp:attachment":[{"href":"https:\/\/blog.uvm.edu\/huertas\/wp-json\/wp\/v2\/media?parent=262"}],"curies":[{"name":"wp","href":"https:\/\/api.w.org\/{rel}","templated":true}]}}