{"id":286,"date":"2024-05-09T16:18:03","date_gmt":"2024-05-09T20:18:03","guid":{"rendered":"https:\/\/blog.uvm.edu\/hispanic_tales\/?page_id=286"},"modified":"2025-05-08T09:29:45","modified_gmt":"2025-05-08T13:29:45","slug":"el-salvador","status":"publish","type":"page","link":"https:\/\/blog.uvm.edu\/hispanic_tales\/el-salvador\/","title":{"rendered":"El Salvador"},"content":{"rendered":"\n<h2 class=\"wp-block-heading has-text-align-center has-medium-font-size\">I. <a href=\"#Nahuizalco\">Nahuizalco <\/a>II. <a href=\"#Loschorti\">Los maya ch&#8217;orti<\/a> III.<a href=\"#Lospipiles\"> Los pipiles<\/a><\/h2>\n\n\n\n<p class=\"has-text-align-center\" id=\"Nahuizalco\" style=\"font-size:20px\"><strong><span style=\"text-decoration: underline\">I. Nahuizalco<\/span><\/strong><\/p>\n\n\n\n<p><em>Por Teegan Gauthier:<\/em><\/p>\n\n\n\n<p><strong>Introducci\u00f3n a la comunidad:<\/strong><\/p>\n\n\n\n<p>Nahuizalco es un pueblo &nbsp;ind\u00edgena en El Salvador. Est\u00e1 lleno de cultura y tradiciones \u00fanicas. Sus calles adoquinadas y casas pintadas a mano son famosas en toda la regi\u00f3n. Adem\u00e1s, es conocido por su mercado, especialmente el mercado en la noche. La gente de Nahuizalco es amable y acogedora. Es un lugar maravilloso para ba\u00f1arse en la aut\u00e9ntica cultura de El Salvador. Durante la noche, Nahuizalco tiene un mejor tiempo para turistas porque tiene festivales coloridos y m\u00fasica vibrante. La comida local es deliciosa.<\/p>\n\n\n\n<p><\/p>\n\n\n\n<figure class=\"wp-block-embed is-type-video is-provider-youtube wp-block-embed-youtube wp-embed-aspect-16-9 wp-has-aspect-ratio\"><div class=\"wp-block-embed__wrapper\">\n<iframe loading=\"lazy\" title=\"Cuento nahuizalco. El \u00e1rbol de flores. Tradici\u00f3n oral. Le\u00edda por Teegan Gauthier.\" width=\"648\" height=\"365\" src=\"https:\/\/www.youtube.com\/embed\/PBVpEjUwXZg?feature=oembed\" frameborder=\"0\" allow=\"accelerometer; autoplay; clipboard-write; encrypted-media; gyroscope; picture-in-picture; web-share\" referrerpolicy=\"strict-origin-when-cross-origin\" allowfullscreen><\/iframe>\n<\/div><figcaption class=\"wp-element-caption\">Cuento nahuizalco. El \u00e1rbol de flores. Tradici\u00f3n oral. Le\u00edda por Teegan Gauthier.<\/figcaption><\/figure>\n\n\n\n<p class=\"has-text-align-center\" id=\"Loschorti\" style=\"font-size:20px\"><strong><span style=\"text-decoration: underline\">II. Los maya ch&#8217;orti<\/span><\/strong><\/p>\n\n\n\n<p><em>Por Sarah Beth Super:<\/em><\/p>\n\n\n\n<p><strong>La introducci\u00f3n<\/strong><\/p>\n\n\n\n<p>Mi comunidad es los maya ch\u2019ort\u00ed. Los maya ch\u2019ort\u00ed son una comunidad ind\u00edgena. Son de Guatemala, Honduras y El Salvador. En Guatemala hay ciento doce mil cuatrocientos treinta y dos habitantes. En Honduras hay treinta y tres mil doscientos cincuenta y siete habitantes. En El Salvador hay once mil habitantes. Ellos hablan espa\u00f1ol, y en Jocot\u00e1n y Camot\u00e1n muchas personas hablan ch\u2019ort\u00ed. En la comunidad de los maya ch\u2019ort\u00ed, las plazas y los mercados son muy importantes, las familias son muy grandes y los deportes son muy importantes tambi\u00e9n. Los maya ch\u2019ort\u00ed tienen una hermosa cultura y muchas hermosas historias.<\/p>\n\n\n\n<p><strong>Los lugares<\/strong><\/p>\n\n\n\n<p>A los maya ch\u2019ort\u00ed les gustan las aguas termales. Cerca de las aguas termales, ellos pueden comer, conversar, ver sus amigos, jugar a las cartas y tomar el sol. Y a los maya ch\u2019ort\u00ed, les gustan las plazas. Muchas plazas est\u00e1n cerca de las iglesias o est\u00e1n en el centro de la ciudad, y son muy bonitas. Ellas tienen fuentes, \u00e1rboles, y flores hermosas. En las plazas, ellos pueden conversar, mirar la plaza, ir de compras, comer al restaurante, beber al caf\u00e9 y caminar con sus amigos. Las iglesias son lugares muy importantes, porque muchos de los maya ch\u2019ort\u00ed son cat\u00f3licos.<\/p>\n\n\n\n<p><strong>La familia<\/strong><\/p>\n\n\n\n<p>En la comunidad de los maya ch\u2019ort\u00ed, una casa tiene muchas familias. Ocho o nueve familias pueden tener un abuelo o bisabuelo y viven en un grupo grande. Las casas de los maya ch\u2019ort\u00ed tienen muchos dormitorios pero todas las familias comparten una cocina. En las familias de los maya ch\u2019ort\u00ed, muchos hombres trabajan en su comunidad y muchas mujeres trabajan en su casa. En las casas las mujeres hacen cosas para traer al mercado y hacen comida para su familia. Ellas ense\u00f1an a sus hijos la historia y las tradiciones de los maya ch\u2019ort\u00ed y a ser buenas personas.<\/p>\n\n\n\n<p><strong>La educaci\u00f3n<\/strong><\/p>\n\n\n\n<p>En la comunidad de los maya ch\u2019ort\u00ed, muchos ni\u00f1os estudian en las escuelas cat\u00f3licas. En las escuelas cat\u00f3licas las clases son historia, matem\u00e1ticas, ciencias y espa\u00f1ol y pocas escuelas tienen una clase de ingl\u00e9s. En las escuelas de lenguas los estudiantes estudian la lengua ind\u00edgena de los maya ch\u2019ort\u00ed, pero pocos ni\u00f1os asisten y pocas personas hablan la lengua ind\u00edgena. Pocos j\u00f3venes asisten a una universidad. Hay muchas universidades en Guatemala, Honduras y El Salvador. Hay seis universidades de los maya en Guatemala y una universidad peque\u00f1a de los maya ch\u2019ort\u00ed. Muchos j\u00f3venes prefieren estudiar con una persona de su comunidad.<\/p>\n\n\n\n<p><strong>Los deportes o pasatiempos<\/strong><\/p>\n\n\n\n<p>Los deportes son muy importantes en la comunidad de los maya ch\u2019ort\u00ed. Toda la gente juega al f\u00fatbol con su comunidad. Los ni\u00f1os hacen amigos y los j\u00f3venes juegan con sus amigos en el campo de f\u00fatbol. Un alcalde bueno hace calles, escuelas y campos de f\u00fatbol. En la antigua comunidad de los maya ch\u2019ort\u00ed, la gente juega un juego con una pelota de goma. Muchas personas asisten a los juegos en estadios muy grandes. Los estadios son la forma \u201cI\u201d y tienen muchos monumentos. Hay dos equipos con 2-6 personas. Los jugadores mantienen la pelota lejos del suelo, pero no con sus manos o pies.<\/p>\n\n\n\n<p><strong>Los lugares tur\u00edsticos o sagrados para la comunidad<\/strong><\/p>\n\n\n\n<p>Los mercados son muy importantes en la comunidad de los maya ch\u2019ort\u00ed. Muchas mujeres ganan su dinero en los mercados. Ellas venden su trabajo: las cestas, la ropa tradicional, los sombreros, los zapatos y otras cosas que hacen. Tambi\u00e9n, ellas venden la comida de sus familias: ma\u00edz, frijoles, calabaza y az\u00facar. Cuando ellas no tienen las cosas que necesitan, las compran de las otras vendedoras. Cuando una comunidad tiene muchas cosas, las mujeres de la comunidad viajan y venden sus cosas a otras comunidades. Tambi\u00e9n, los mercados tienen m\u00e1s importancia por la cultura. Son lugares donde mucha gente habla y comparte tiempo con su comunidad.<\/p>\n\n\n\n<figure class=\"wp-block-embed is-type-video is-provider-youtube wp-block-embed-youtube wp-embed-aspect-16-9 wp-has-aspect-ratio\"><div class=\"wp-block-embed__wrapper\">\n<iframe loading=\"lazy\" title=\"Leyenda maya chorti. Las hormigas. Le\u00edda por Sarah Beth Super.\" width=\"648\" height=\"365\" src=\"https:\/\/www.youtube.com\/embed\/E6eKYnWP49M?feature=oembed\" frameborder=\"0\" allow=\"accelerometer; autoplay; clipboard-write; encrypted-media; gyroscope; picture-in-picture; web-share\" referrerpolicy=\"strict-origin-when-cross-origin\" allowfullscreen><\/iframe>\n<\/div><figcaption class=\"wp-element-caption\">Leyenda maya chorti. Las hormigas. Le\u00edda por Sarah Beth Super.<\/figcaption><\/figure>\n\n\n\n<p><strong>Las referencias<\/strong><\/p>\n\n\n\n<p>Akyurt, Engin. 2018. Pixabay, https:\/\/pixabay.com\/.<\/p>\n\n\n\n<p>Altmann, Gerd. 2015. Pixabay, https:\/\/pixabay.com\/.<\/p>\n\n\n\n<p>Cyril. 2020. Pixabay, https:\/\/pixabay.com\/.<\/p>\n\n\n\n<p>Diaz, Rommel. 2018. Pixabay, https:\/\/pixabay.com\/.<\/p>\n\n\n\n<p>Diaz, Rommel. 2016. Pixabay, https:\/\/pixabay.com\/.<\/p>\n\n\n\n<p>Earley, Caitlin C. \u201cThe Mesoamerican Ballgame.\u201d The Metropolitan Museum of Art, 1 June 2017, www.metmuseum.org\/essays\/the-mesoamerican-ballgame.<\/p>\n\n\n\n<p>Editors. \u201cChort\u00ed.\u201d Encyclop\u00e6dia Britannica, Encyclop\u00e6dia Britannica, inc., 14 Mar. 2025, www.britannica.com\/topic\/Chorti.<\/p>\n\n\n\n<p>Gustafson, Lowell. \u201cGender Relations and Political Legitimacy: Replacing Patrilineal with Ancestral Inheritance of Power in Ancient Mayan Society.\u201d Gender Relations and Political Legitimacy, Villanova University, Feb. 1999.<\/p>\n\n\n\n<p>Hull, Kerry. \u201cThe Ch\u2019orti\u2019 Maya Myths of Creation &#8211; Oral Tradition Journal.\u201d Oral Tradition, 30 Jan. 2016, journal.oraltradition.org\/wp-content\/uploads\/files\/articles\/30i\/02_30.1.pdf.<\/p>\n\n\n\n<p>Koch, Alexandra. 2022. Pixabay, https:\/\/pixabay.com\/.<\/p>\n\n\n\n<p>Mai, Ulrike. 2015. Pixabay, https:\/\/pixabay.com\/.<\/p>\n\n\n\n<p>Marco, Peggy. 2015. Pixabay, https:\/\/pixabay.com\/.<\/p>\n\n\n\n<p>Mind, Vined. 2020. Pixabay, https:\/\/pixabay.com\/.<\/p>\n\n\n\n<p>Photorama. 2017. Pixabay, https:\/\/pixabay.com\/.<\/p>\n\n\n\n<p>Polski, Anna. 2014. Pixabay, https:\/\/pixabay.com\/.<\/p>\n\n\n\n<p>Sarvestani, Daniel B. \u201cThe Circle of Healing.\u201d Verge Magazine: Volunteer Abroad, Work and Travel, Study Abroad, Verge Magazine, 12 May 2017, www.vergemagazine.com\/volunteer-abroad\/blogs\/2039-women-s-rights-and-access-to-justice.html.<\/p>\n\n\n\n<p>V. N., Jana. 2018. Pixabay, https:\/\/pixabay.com\/.<\/p>\n\n\n\n<p>W, Franz. 2019. Pixabay, https:\/\/pixabay.com\/.<\/p>\n\n\n\n<p class=\"has-text-align-center\" id=\"Lospipiles\" style=\"font-size:20px\"><strong><span style=\"text-decoration: underline\">III. Los pipiles<\/span><\/strong><\/p>\n\n\n\n<p><em>Por Owen Donaghy:<\/em><\/p>\n\n\n\n<p><strong>La introducci\u00f3n<\/strong><\/p>\n\n\n\n<p>El Salvador tiene solo catorce mil quinientas personas ind\u00edgenas, lo que representa menos del uno por ciento de la poblaci\u00f3n, una proporci\u00f3n m\u00e1s baja que en los otros pa\u00edses de Am\u00e9rica Latina. Este grupo es muy vulnerable en El Salvador. Los principales pueblos ind\u00edgenas son los pipiles, lencas y cacaopera. Muchos de ellos murieron durante la masacre de 1932. Los pipiles son importantes en la historia del pa\u00eds y su idioma tradicional, el n\u00e1huatl, casi no se habla hoy en d\u00eda. La cultura ind\u00edgena no es muy visible. Sus ropas, lenguas y tradiciones no son muy populares en la poblaci\u00f3n.<\/p>\n\n\n\n<p><strong>La comida<\/strong><\/p>\n\n\n\n<p>La comida es una parte muy importante de las culturas en todo el mundo. Los pipiles tienen muchas tradiciones con la comida. En El Salvador, los pipiles preparan muchos platos tradicionales. Sus platillos son muy viejos. Comen pupusas, frijoles y calabazas. Una pupusa es una tortilla con de cerdo y frijoles. Las pupusas tienen m\u00e1s de 2.000 a\u00f1os. Los pipiles las comen con curtido y salsa. Las pupusas son muy famosas en El Salvador.<\/p>\n\n\n\n<p><strong>Las celebraciones<\/strong><\/p>\n\n\n\n<p>Los pipiles tienen muchos d\u00edas de celebraci\u00f3n, la cultura de los pipiles es muy rica. Uno de estos d\u00edas es el D\u00eda de la Resistencia Ind\u00edgena y Popular, que conmemora la resistencia contra la colonizaci\u00f3n espa\u00f1ola. Toda la poblaci\u00f3n de El Salvador celebra este d\u00eda. La gente toca m\u00fasica, baila y disfruta de la comida en las festividades. Otra celebraci\u00f3n importante para los pipiles es la Fiesta de la Virgen de Guadalupe. Esta es una festividad cat\u00f3lica, tiene un gran significado para los pipiles. Durante este d\u00eda, hay desfiles y muchas danzas tradicionales. Las tradiciones son muy importantes de los pipiles y El Salvador tambi\u00e9n.<\/p>\n\n\n\n<p><strong>La salud<\/strong><\/p>\n\n\n\n<p>En el pa\u00eds de El Salvador, la medicina de los pueblos ind\u00edgenas es muy popular. Los pipiles usaban plantas y hierbas como remedios. Las pr\u00e1cticas de los curanderos son muy interesantes. Para los curanderos pipiles, la sangre es un elemento muy importante. Ellos observan la sangre y determinan si est\u00e1 &#8220;mala&#8221; o &#8220;d\u00e9bil&#8221;. Los curanderos deben preguntar a los pacientes qu\u00e9 comen, qu\u00e9 tipo de ejercicios hacen, qu\u00e9 sue\u00f1an y qui\u00e9nes son sus enemigos. Toda la vida del paciente es importante para los curanderos pipiles. La medicina tradicional de los pipiles es fundamental para la cultura ind\u00edgena.<\/p>\n\n\n\n<p><strong>Los lugares tur\u00edsticos o sagrados para la comunidad<\/strong><\/p>\n\n\n\n<p>Los pipiles son un grupo ind\u00edgena de El Salvador. Ellos viv\u00edan en lugares importantes como Izalco y Nahuizalco, en Sonsonate. All\u00ed, la gente todav\u00eda habla n\u00e1huatl y hacen ceremonias especiales. Panchimalco, cerca de San Salvador, tambi\u00e9n tiene fiestas y artesan\u00edas. Tacuba y Tazumal tienen mucha de la historia de los pipiles. Tazumal tiene ruinas muy grandes. Cacaopera tiene un poco de cultura pipil. Todos estos lugares ayudan a recordar la historia de los pipiles. La gente celebra su cultura con rituales, trabajos artesanales y fiestas para su identidad. Los lugares de los pipiles son muy hermosos y tienen mucha cultura, es muy divertido para visitar.<\/p>\n\n\n\n<p><strong>La naturaleza, el territorio y la relaci\u00f3n que tiene la comunidad<\/strong><\/p>\n\n\n\n<p>Los pipiles dependen del medio ambiente, ya que es una parte fundamental de su cultura. Para comida, los Pipiles utilizaban la agricultura y la salud de sus cultivos depend\u00eda de la naturaleza de El Salvador. Cultivaban productos como el cacao, el algod\u00f3n y el \u00edndigo. Eran expertos en la agricultura y vend\u00edan sus productos por dinero. El medio ambiente tambi\u00e9n es muy importante para la econom\u00eda pipil. Sus comunidades viv\u00edan cerca de recursos naturales, lo cual era esencial para la supervivencia de la poblaci\u00f3n. En resumen, el medio ambiente tiene un papel vital en la vida y la cultura de los pipiles.<\/p>\n\n\n\n<figure class=\"wp-block-embed is-type-video is-provider-youtube wp-block-embed-youtube wp-embed-aspect-16-9 wp-has-aspect-ratio\"><div class=\"wp-block-embed__wrapper\">\n<iframe loading=\"lazy\" title=\"Fragmento de Solito, novela del autor pipil Javier Zamora. Le\u00eddo por Owen Donaghy\" width=\"648\" height=\"365\" src=\"https:\/\/www.youtube.com\/embed\/q1dHzuxJiIg?feature=oembed\" frameborder=\"0\" allow=\"accelerometer; autoplay; clipboard-write; encrypted-media; gyroscope; picture-in-picture; web-share\" referrerpolicy=\"strict-origin-when-cross-origin\" allowfullscreen><\/iframe>\n<\/div><figcaption class=\"wp-element-caption\">Fragmento de Solito, novela del autor pipil Javier Zamora. Le\u00eddo por Owen Donaghy<\/figcaption><\/figure>\n\n\n\n<p><strong>Las referencias<\/strong><\/p>\n\n\n\n<p>Fowler, Bill. \u201cThe Pipils of El Salvador.\u201d <em>Teaching Central America<\/em>, 2014, www.teachingcentralamerica.org\/pipils-el-salvador.<\/p>\n\n\n\n<p>Fowler, William R. \u201cLa Distribuci\u00f3n Prehist\u00f3rica E Hist\u00f3rica de Los Pipiles.\u201d <em>Mesoam\u00e9rica<\/em>, vol. 4, no. 6, Jan. 1983, pp. 348\u201372. Accessed 7 May 2025.<\/p>\n\n\n\n<p>\u201cLa Lucha Para Salvar a Un Pueblo: Los N\u00e1huat Pipiles de El Salvador.\u201d <em>Culturalsurvival.org<\/em>, 2020, www.culturalsurvival.org\/news\/la-lucha-para-salvar-un-pueblo-los-nahuat-pipiles-de-el-salvador-0.<\/p>\n\n\n\n<p>\u201cPipil People.\u201d <em>Wikipedia<\/em>, 17 Aug. 2023, en.wikipedia.org\/wiki\/Pipil_people.<\/p>\n\n\n\n<p>Sandoval, Lemus, and Jorge Ernesto. <em>El Pueblo Pipil Y Su Lengua<\/em>. June 2004. Accessed 7 May 2025.<\/p>\n","protected":false},"excerpt":{"rendered":"<p>I. Nahuizalco II. Los maya ch&#8217;orti III. Los pipiles I. Nahuizalco Por Teegan Gauthier: Introducci\u00f3n a la comunidad: Nahuizalco es un pueblo &nbsp;ind\u00edgena en El Salvador. Est\u00e1 lleno de cultura y tradiciones \u00fanicas. Sus calles adoquinadas y casas pintadas a mano son famosas en toda la regi\u00f3n. Adem\u00e1s, es conocido por su mercado, especialmente el &hellip; <a href=\"https:\/\/blog.uvm.edu\/hispanic_tales\/el-salvador\/\" class=\"more-link\">Continue reading <span class=\"screen-reader-text\">El Salvador<\/span><\/a><\/p>\n","protected":false},"author":9325,"featured_media":0,"parent":0,"menu_order":0,"comment_status":"closed","ping_status":"closed","template":"page-templates\/grid-page.php","meta":{"footnotes":""},"class_list":["post-286","page","type-page","status-publish","hentry"],"featured_image_src":null,"featured_image_src_square":null,"_links":{"self":[{"href":"https:\/\/blog.uvm.edu\/hispanic_tales\/wp-json\/wp\/v2\/pages\/286","targetHints":{"allow":["GET"]}}],"collection":[{"href":"https:\/\/blog.uvm.edu\/hispanic_tales\/wp-json\/wp\/v2\/pages"}],"about":[{"href":"https:\/\/blog.uvm.edu\/hispanic_tales\/wp-json\/wp\/v2\/types\/page"}],"author":[{"embeddable":true,"href":"https:\/\/blog.uvm.edu\/hispanic_tales\/wp-json\/wp\/v2\/users\/9325"}],"replies":[{"embeddable":true,"href":"https:\/\/blog.uvm.edu\/hispanic_tales\/wp-json\/wp\/v2\/comments?post=286"}],"version-history":[{"count":6,"href":"https:\/\/blog.uvm.edu\/hispanic_tales\/wp-json\/wp\/v2\/pages\/286\/revisions"}],"predecessor-version":[{"id":557,"href":"https:\/\/blog.uvm.edu\/hispanic_tales\/wp-json\/wp\/v2\/pages\/286\/revisions\/557"}],"wp:attachment":[{"href":"https:\/\/blog.uvm.edu\/hispanic_tales\/wp-json\/wp\/v2\/media?parent=286"}],"curies":[{"name":"wp","href":"https:\/\/api.w.org\/{rel}","templated":true}]}}