{"id":283,"date":"2024-05-09T16:16:06","date_gmt":"2024-05-09T20:16:06","guid":{"rendered":"https:\/\/blog.uvm.edu\/hispanic_tales\/?page_id=283"},"modified":"2025-05-08T14:29:01","modified_gmt":"2025-05-08T18:29:01","slug":"puerto-rico","status":"publish","type":"page","link":"https:\/\/blog.uvm.edu\/hispanic_tales\/puerto-rico\/","title":{"rendered":"Puerto Rico"},"content":{"rendered":"\n<p class=\"has-text-align-center has-medium-font-size\"><strong><span style=\"text-decoration: underline\">I. Los ta\u00ednos<\/span><\/strong><\/p>\n\n\n\n<p><em>Por Lucy Colby:<\/em><\/p>\n\n\n\n<p><strong>Introducci\u00f3n a la comunidad:<\/strong><\/p>\n\n\n\n<p>Hoy presento mi comunidad ind\u00edgena y afro latinoamericana : Los ta\u00ednos. Son de Puerto Rico (y Cuba, Jamaica, Hait\u00ed, y Rep\u00fablica dominicana). Hay nueve mil trescientos noventa y nueve (9,399) habitantes. Puerto Rico est\u00e1 lejos de Vermont.&nbsp; Ellos llegaron en 1480 (mil cuatrocientos ochenta). La historia ta\u00edna es muy interesante. Su lengua ind\u00edgena es el espa\u00f1ol-ta\u00edno creole. Los ta\u00ednos modernos hablan espa\u00f1ol. La casa es hecha de boh\u00edos o caneyes. Los jefes viven en caneyes. Los ta\u00ednos cenan, bailan, conversan,&nbsp; descansan y trabajan en los boh\u00edos.<\/p>\n\n\n\n<p><\/p>\n\n\n\n<figure class=\"wp-block-embed is-type-video is-provider-youtube wp-block-embed-youtube wp-embed-aspect-4-3 wp-has-aspect-ratio\"><div class=\"wp-block-embed__wrapper\">\n<iframe loading=\"lazy\" title=\"Mito ta\u00edno. El creador. Tradici\u00f3n oral. Le\u00edda por Lucy Colby.\" width=\"648\" height=\"486\" src=\"https:\/\/www.youtube.com\/embed\/EWokN1lJYcQ?feature=oembed\" frameborder=\"0\" allow=\"accelerometer; autoplay; clipboard-write; encrypted-media; gyroscope; picture-in-picture; web-share\" referrerpolicy=\"strict-origin-when-cross-origin\" allowfullscreen><\/iframe>\n<\/div><figcaption class=\"wp-element-caption\">Mito ta\u00edno. El creador. Tradici\u00f3n oral. Le\u00edda por Lucy Colby.<\/figcaption><\/figure>\n\n\n\n<p><em>Por Austin Taylor:<\/em><\/p>\n\n\n\n<p><strong>La introducci\u00f3n<\/strong><\/p>\n\n\n\n<p>La comunidad ind\u00edgena ta\u00edna de Puerto Rico es un s\u00edmbolo de resistencia y cultura ancestral. Los ta\u00ednos habitaban la isla antes de la llegada de los colonizadores europeos y dejaron una herencia rica en arte, lenguaje y tradiciones espirituales. Un gran parte de su poblaci\u00f3n fue diezmada por la colonizaci\u00f3n, su legado persiste en la cultura puertorrique\u00f1a, como en la gastronom\u00eda y el idioma, donde se usan palabras ta\u00ednas como &#8220;hurac\u00e1n&#8221; y &#8220;hamaca&#8221;. Hoy, grupos ta\u00ednos contempor\u00e1neos trabajan por revitalizar su identidad cultural y proteger su historia, contribuyendo al multiculturalismo de Puerto Rico.<\/p>\n\n\n\n<p><strong>La comida<\/strong><\/p>\n\n\n\n<p>En la comunidad ind\u00edgena ta\u00edna de Puerto Rico, la comida es muy importante. Los ta\u00ednos eran pescadores y agricultores. Como Puerto Rico es una isla, el pescado era un alimento principal para ellos. La barbacoa era una forma de cocinar y una parte de su vida. La palabra \u201cbarbacoa\u201d viene del idioma ta\u00edno. Antes, la barbacoa era una estructura de madera sobre el fuego. All\u00ed cocinaban pescado y carne. Un tipo de carne se llamaba \u201cbuc\u00e1n.\u201d Tambi\u00e9n cocinaban manat\u00ed, cor\u00ed y jut\u00eda. Estos alimentos eran muy importantes para los ta\u00ednos.<\/p>\n\n\n\n<p><strong>Las celebraciones<\/strong><\/p>\n\n\n\n<p>Un festival muy importante en Puerto Rico es el Festival Nacional Ind\u00edgena. Este festival celebra a los pueblos ind\u00edgenas de la cultura ta\u00edna. Se lleva a cabo a finales de noviembre en el pueblo de Jayuya, un lugar con mucha historia. Jayuya recibe su nombre de un gran cacique ta\u00edno que vivi\u00f3 en la isla alrededor del a\u00f1o 1500. Durante el festival, hay danzas tradicionales, artesan\u00edas, m\u00fasica y ceremonias en honor a los ta\u00ednos. Tambi\u00e9n se realizan exhibiciones de arte y conferencias sobre la historia ind\u00edgena. Jayuya es importante porque all\u00ed se encuentra la monta\u00f1a m\u00e1s alta de Puerto Rico, Cerro Punta, un s\u00edmbolo de la fortaleza ta\u00edna.<\/p>\n\n\n\n<p><strong>La salud<\/strong><\/p>\n\n\n\n<p>En la comunidad ta\u00edna de Puerto Rico, los curanderos se llamaban boh\u00edques. Ellos eran muy importantes porque ayudaban a las personas con enfermedades del cuerpo y del esp\u00edritu. Usaban plantas medicinales, cantos y ceremonias para curar. Tambi\u00e9n hablaban con los dioses y guiaban a la comunidad. Una celebraci\u00f3n especial era cuando un ni\u00f1o se enfermaba. El boh\u00edque hac\u00eda un ritual con humo, agua y oraciones. Esta ceremonia era muy importante porque un\u00eda a la familia y mostraba respeto a la naturaleza. Hoy, muchas personas recuerdan estas tradiciones con orgullo y las celebran en eventos culturales<\/p>\n\n\n\n<p><strong>Lugares tur\u00edsticos o sagrados para la comunidad<\/strong><\/p>\n\n\n\n<p>Los ta\u00ednos de Puerto Rico viv\u00edan en pueblos llamadas yucayeques. Las casas de la gente com\u00fan se llamaban \u201cboh\u00edos\u201d; eran redondas, hechas de madera y techadas con hojas de palma. El cacique viv\u00eda en un \u201ccaney\u201d, una casa rectangular y m\u00e1s grande. Dentro de los \u201cboh\u00edos\u201d, las familias dorm\u00edan en hamacas y compart\u00edan sus actividades diarias. En el batey, la plaza central, se ten\u00edan ceremonias y juegos como \u201cEl Batey\u201d (El Batey es el nombre de la plaza central y el juego), fortaleciendo la comunidad y preservando sus tradiciones.<\/p>\n\n\n\n<p><strong>La naturaleza, el territorio y la relaci\u00f3n que tiene la comunidad<\/strong><\/p>\n\n\n\n<p>Los ta\u00ednos viv\u00edan en Puerto Rico y cuidaban mucho la naturaleza. Ellos hac\u00edan agricultura en la tierra con mont\u00edculos llamados conucos. En los conucos, sembraban yuca, ma\u00edz y batatas. Tambi\u00e9n pescaban en los r\u00edos y el mar, y cazaban animales para comer. Los ta\u00ednos respetaban el bosque, el agua y el sol. Ten\u00edan dioses de la naturaleza se llaman Yocah\u00fa. Ellos hac\u00edan ceremonias en plazas cerca de la selva. Los ta\u00ednos usaban lo que ten\u00eda, pero sin da\u00f1ar el ambiente. Su vida era simple y buena, siempre conectada con la tierra y la naturaleza. Todav\u00eda hoy, muchas personas recuerdan sus tradiciones<\/p>\n\n\n\n<figure class=\"wp-block-embed is-type-video is-provider-youtube wp-block-embed-youtube wp-embed-aspect-16-9 wp-has-aspect-ratio\"><div class=\"wp-block-embed__wrapper\">\n<iframe loading=\"lazy\" title=\"La historia ta\u00edna de Atab\u00e9. Le\u00edda por Austin Taylor\" width=\"648\" height=\"365\" src=\"https:\/\/www.youtube.com\/embed\/-i8QhOACrRc?feature=oembed\" frameborder=\"0\" allow=\"accelerometer; autoplay; clipboard-write; encrypted-media; gyroscope; picture-in-picture; web-share\" referrerpolicy=\"strict-origin-when-cross-origin\" allowfullscreen><\/iframe>\n<\/div><figcaption class=\"wp-element-caption\">La historia ta\u00edna de Atab\u00e9. Le\u00edda por Austin Taylor<\/figcaption><\/figure>\n\n\n\n<p><strong>Las referencias<\/strong><\/p>\n\n\n\n<p>Acosta Lespier, Ivonne. \u201cBreve Historia de Puerto Rico.\u201d <em>EnciclopediaPR<\/em>, 12 Sept. 2014, enciclopediapr.org\/content\/breve-historia-de-puerto-rico\/.<\/p>\n\n\n\n<p>\u201cCaribbean Encounters with the World.\u201d <em>Smithsonian<\/em>, americanindian.si.edu\/nk360\/pdf\/Taino-Gallery-Guide-English.pdf.<\/p>\n\n\n\n<p>Faria, Carlos. \u201cLost History: Rediscovering the Ta\u00edno People.\u201d <em>YouTube<\/em>, YouTube Video, 1 Oct. 2016, www.youtube.com\/watch?v=E-098wNpY6A. Accessed 1 June 2020.<\/p>\n\n\n\n<p>\u201cGods and Goddesses: Tales of the Ta\u00edno.\u201d <em>Thevalelondon.co.uk<\/em>, 2025, thevalelondon.co.uk\/blogs\/the-vale-articles\/gods-and-goddesses-tales-of-the-taino.<\/p>\n\n\n\n<p>La Mafia, Puerto Rico. \u201cEat, Drink, Share Puerto Rico Food \u2022 Barbacoa Ta\u00edna.\u201d <em>Www.youtube.com<\/em>, 29 July 2019, www.youtube.com\/watch?v=8Iiokkx6cGo.<\/p>\n\n\n\n<p>The Editors of Encyclopedia Britannica. \u201cTaino | People.\u201d <em>Encyclop\u00e6dia Britannica<\/em>, 12 Jan. 2015, www.britannica.com\/topic\/Taino.<\/p>\n","protected":false},"excerpt":{"rendered":"<p>I. Los ta\u00ednos Por Lucy Colby: Introducci\u00f3n a la comunidad: Hoy presento mi comunidad ind\u00edgena y afro latinoamericana : Los ta\u00ednos. Son de Puerto Rico (y Cuba, Jamaica, Hait\u00ed, y Rep\u00fablica dominicana). Hay nueve mil trescientos noventa y nueve (9,399) habitantes. Puerto Rico est\u00e1 lejos de Vermont.&nbsp; Ellos llegaron en 1480 (mil cuatrocientos ochenta). La &hellip; <a href=\"https:\/\/blog.uvm.edu\/hispanic_tales\/puerto-rico\/\" class=\"more-link\">Continue reading <span class=\"screen-reader-text\">Puerto Rico<\/span><\/a><\/p>\n","protected":false},"author":9325,"featured_media":0,"parent":0,"menu_order":0,"comment_status":"closed","ping_status":"closed","template":"page-templates\/grid-page.php","meta":{"footnotes":""},"class_list":["post-283","page","type-page","status-publish","hentry"],"featured_image_src":null,"featured_image_src_square":null,"_links":{"self":[{"href":"https:\/\/blog.uvm.edu\/hispanic_tales\/wp-json\/wp\/v2\/pages\/283","targetHints":{"allow":["GET"]}}],"collection":[{"href":"https:\/\/blog.uvm.edu\/hispanic_tales\/wp-json\/wp\/v2\/pages"}],"about":[{"href":"https:\/\/blog.uvm.edu\/hispanic_tales\/wp-json\/wp\/v2\/types\/page"}],"author":[{"embeddable":true,"href":"https:\/\/blog.uvm.edu\/hispanic_tales\/wp-json\/wp\/v2\/users\/9325"}],"replies":[{"embeddable":true,"href":"https:\/\/blog.uvm.edu\/hispanic_tales\/wp-json\/wp\/v2\/comments?post=283"}],"version-history":[{"count":6,"href":"https:\/\/blog.uvm.edu\/hispanic_tales\/wp-json\/wp\/v2\/pages\/283\/revisions"}],"predecessor-version":[{"id":585,"href":"https:\/\/blog.uvm.edu\/hispanic_tales\/wp-json\/wp\/v2\/pages\/283\/revisions\/585"}],"wp:attachment":[{"href":"https:\/\/blog.uvm.edu\/hispanic_tales\/wp-json\/wp\/v2\/media?parent=283"}],"curies":[{"name":"wp","href":"https:\/\/api.w.org\/{rel}","templated":true}]}}