{"id":170,"date":"2024-04-26T20:25:23","date_gmt":"2024-04-27T00:25:23","guid":{"rendered":"https:\/\/blog.uvm.edu\/hispanic_tales\/?page_id=170"},"modified":"2025-05-08T14:22:20","modified_gmt":"2025-05-08T18:22:20","slug":"panama","status":"publish","type":"page","link":"https:\/\/blog.uvm.edu\/hispanic_tales\/panama\/","title":{"rendered":"Panam\u00e1"},"content":{"rendered":"\n<h2 class=\"wp-block-heading has-text-align-center\">I. <a href=\"#Los-ember\u00e1\">Los ember\u00e1 <\/a>II. <a href=\"#Los-guna\">Los guna<\/a> III. <a href=\"#Los-ngabe\">Los ngabe<\/a><\/h2>\n\n\n\n<p class=\"has-text-align-center has-medium-font-size\" id=\"Los-ember\u00e1\"><strong><span style=\"text-decoration: underline\">I. Los ember\u00e1<\/span><\/strong><\/p>\n\n\n\n<p><em>Por Owen Urstadt:<\/em><\/p>\n\n\n\n<p><strong>Introducci\u00f3n a la comunidad:<\/strong><\/p>\n\n\n\n<p>Mi comunidad ind\u00edgena es Ember\u00e1-Wounaan y viven en Panam\u00e1. Panam\u00e1 es un pa\u00eds en Centroam\u00e9rica y es muy interesante por muchas razones. Panam\u00e1 tiene 4.351 millones personas y hablan espa\u00f1ol. Panam\u00e1 es muy bonita y tiene muchas monta\u00f1as y la costa. Tambi\u00e9n son muy espirituales y admiran la naturaleza. Las comunidades son muy interesantes y tienen mucha historia. Las comunidades trabajan en la agricultura para hacer dinero y tambi\u00e9n hacen dinero del turismo.<\/p>\n\n\n\n<figure class=\"wp-block-embed is-type-video is-provider-youtube wp-block-embed-youtube wp-embed-aspect-16-9 wp-has-aspect-ratio\"><div class=\"wp-block-embed__wrapper\">\n<iframe loading=\"lazy\" title=\"Leyenda ember\u00e1. Tradici\u00f3n oral. Le\u00edda por Owen Urstadt.\" width=\"648\" height=\"365\" src=\"https:\/\/www.youtube.com\/embed\/mj7y6eHZmU8?feature=oembed\" frameborder=\"0\" allow=\"accelerometer; autoplay; clipboard-write; encrypted-media; gyroscope; picture-in-picture; web-share\" referrerpolicy=\"strict-origin-when-cross-origin\" allowfullscreen><\/iframe>\n<\/div><figcaption class=\"wp-element-caption\">Leyenda ember\u00e1. Tradici\u00f3n oral. Le\u00edda por Owen Urstadt.<\/figcaption><\/figure>\n\n\n\n<p class=\"has-text-align-center has-medium-font-size\" id=\"Los-guna\"><strong><span style=\"text-decoration: underline\">II. Los guna<\/span><\/strong><\/p>\n\n\n\n<p><em>Por Dylan Reich:<\/em><\/p>\n\n\n\n<p><strong>Introducci\u00f3n a la comunidad:<\/strong><\/p>\n\n\n\n<p>La mayor\u00eda de los guna viven en Panam\u00e1 pero tambi\u00e9n hay una poblaci\u00f3n en Colombia. Los tres territorios guna est\u00e1n divididos en comunidades y cada comunidad es dirigida por un salia que es un muchacho y es el l\u00edder pol\u00edtico y religioso. A pesar de eso, los guna tienen una sociedad matriarcal donde las mujeres tienen mucha autoridad, toman la mayor\u00eda de las decisiones y tienen la mayor\u00eda de las propiedades. Tambi\u00e9n, ellas hacen molas que son telas que tienen muchos colores y pueden ser vestidos por las mujeres como ropa o pueden ser vendidos. Los guna son famosos por sus molas.<\/p>\n\n\n\n<figure class=\"wp-block-embed is-type-video is-provider-youtube wp-block-embed-youtube wp-embed-aspect-4-3 wp-has-aspect-ratio\"><div class=\"wp-block-embed__wrapper\">\n<iframe loading=\"lazy\" title=\"Mito guna. El nacimiento del todo. Tradici\u00f3n oral. Le\u00edda por Dylan Reich.\" width=\"648\" height=\"486\" src=\"https:\/\/www.youtube.com\/embed\/uihmvHTdR6I?feature=oembed\" frameborder=\"0\" allow=\"accelerometer; autoplay; clipboard-write; encrypted-media; gyroscope; picture-in-picture; web-share\" referrerpolicy=\"strict-origin-when-cross-origin\" allowfullscreen><\/iframe>\n<\/div><figcaption class=\"wp-element-caption\">Mito guna. El nacimiento del todo. Tradici\u00f3n oral. Le\u00edda por Dylan Reich.<\/figcaption><\/figure>\n\n\n\n<p><em>Por Graysen Peck:<\/em><\/p>\n\n\n\n<figure class=\"wp-block-embed is-type-video is-provider-youtube wp-block-embed-youtube wp-embed-aspect-16-9 wp-has-aspect-ratio\"><div class=\"wp-block-embed__wrapper\">\n<iframe loading=\"lazy\" title=\"Cuento guna. El ni\u00f1o especial. Tradici\u00f3n oral. Le\u00edda por Graysen Peck.\" width=\"648\" height=\"365\" src=\"https:\/\/www.youtube.com\/embed\/CYZYbYS5dQk?feature=oembed\" frameborder=\"0\" allow=\"accelerometer; autoplay; clipboard-write; encrypted-media; gyroscope; picture-in-picture; web-share\" referrerpolicy=\"strict-origin-when-cross-origin\" allowfullscreen><\/iframe>\n<\/div><figcaption class=\"wp-element-caption\">Cuento guna. El ni\u00f1o especial. Tradici\u00f3n oral. Le\u00edda por Graysen Peck.<\/figcaption><\/figure>\n\n\n\n<p class=\"has-text-align-center has-medium-font-size\" id=\"Los-ngabe\"><strong><span style=\"text-decoration: underline\">III. Los ngabe<\/span><\/strong><\/p>\n\n\n\n<p><em>Por Christine<\/em> <em>Pietkiewicz<\/em>:<\/p>\n\n\n\n<p><strong>Introducci\u00f3n a la comunidad:<\/strong><\/p>\n\n\n\n<p>En Panam\u00e1 y Costa Rica, una comunidad ind\u00edgena muy importante y prominente es ng\u00e4be. Cerca de doscientos sesenta mil personas de la comunidad viven en Panam\u00e1 y cerca de seis mil en Costa Rica. La mayor\u00eda de las personas ng\u00e4be son agricultores, principalmente en el cultivo de arroz, ma\u00edz y caf\u00e9. Las mujeres de la comunidad hacen y venden muchos productos artesanales, incluyendo los vestidos coloridos que se llaman nagua. La pesca con arp\u00f3n y pesca de langosta son muy importantes para proveer comida y dinero a las familias de la comunidad. La comunidad ng\u00e4be es tambi\u00e9n conocida por sus rituales espirituales.<\/p>\n\n\n\n<p><strong>Los lugares sagrados:<\/strong><\/p>\n\n\n\n<p>Las cascadas son lugares muy sagrados y espirituales para las personas ng\u00e4be. La cascada m\u00e1s alta de Panam\u00e1 se llama Kiki. Es apreciada de las personas ng\u00e4be por su intensa energ\u00eda y fuerza. Las personas ng\u00e4be creen que las cascadas son el hogar de las fuerzas espirituales de sus antepasados. Por esta raz\u00f3n, Kiki y otras cascadas son lugares de comuni\u00f3n y las personas ng\u00e4be contactan con figuras de sus herencias all\u00ed. Las cascadas tambi\u00e9n son lugares de rituales espirituales de ng\u00e4be. Kiki y otras cascadas son importantes para la conexi\u00f3n de patrimonio cultural de ng\u00e4be y el mundo natural.<\/p>\n\n\n\n<p><strong>El animal sagrado:<\/strong><\/p>\n\n\n\n<p>Un animal muy sagrado para la comunidad ng\u00e4be es el jaguar. El jaguar representa el poder, el valor, la noche y la navegaci\u00f3n entre reinos espirituales. Los ng\u00e4be y otras comunidades ind\u00edgenas de Am\u00e9rica Central y Suram\u00e9rica creen que los jaguares son protectores y gu\u00edas espirituales. Los jaguares son animales solitarios y viven y cazan solos y tambi\u00e9n se les conoce como \u201cfantasmas del bosque\u201d. Los jaguares de Panam\u00e1 y Costa Rica son amenazados por la p\u00e9rdida de h\u00e1bitat, la caza furtiva y la destrucci\u00f3n de la selva tropical. Afortunadamente, hay m\u00faltiples organizaciones que est\u00e1n trabajando con comunidades ind\u00edgenas para proteger los jaguares.<\/p>\n\n\n\n<figure class=\"wp-block-embed is-type-video is-provider-youtube wp-block-embed-youtube wp-embed-aspect-16-9 wp-has-aspect-ratio\"><div class=\"wp-block-embed__wrapper\">\n<iframe loading=\"lazy\" title=\"Constelaci\u00f3n de Vida, poema de Josu\u00e9 Rodr\u00edguez Calder\u00f3n. Le\u00eddo por Christine Pietkiewicz.\" width=\"648\" height=\"365\" src=\"https:\/\/www.youtube.com\/embed\/_CzzpQKXxLg?feature=oembed\" frameborder=\"0\" allow=\"accelerometer; autoplay; clipboard-write; encrypted-media; gyroscope; picture-in-picture; web-share\" referrerpolicy=\"strict-origin-when-cross-origin\" allowfullscreen><\/iframe>\n<\/div><figcaption class=\"wp-element-caption\">Constelaci\u00f3n de Vida, poema de Josu\u00e9 Rodr\u00edguez Calder\u00f3n. Le\u00eddo por Christine Pietkiewicz.<\/figcaption><\/figure>\n\n\n\n<p><em>Por Shay Risk:<\/em><\/p>\n\n\n\n<figure class=\"wp-block-embed is-type-video is-provider-youtube wp-block-embed-youtube wp-embed-aspect-16-9 wp-has-aspect-ratio\"><div class=\"wp-block-embed__wrapper\">\n<iframe loading=\"lazy\" title=\"Mito ngabe. El ciciro. Le\u00eddo por Shay Risk\" width=\"648\" height=\"365\" src=\"https:\/\/www.youtube.com\/embed\/u2MkH4UCOzg?feature=oembed\" frameborder=\"0\" allow=\"accelerometer; autoplay; clipboard-write; encrypted-media; gyroscope; picture-in-picture; web-share\" referrerpolicy=\"strict-origin-when-cross-origin\" allowfullscreen><\/iframe>\n<\/div><figcaption class=\"wp-element-caption\">Mito ngabe. El ciciro. Le\u00eddo por Shay Risk<\/figcaption><\/figure>\n\n\n\n<p><\/p>\n","protected":false},"excerpt":{"rendered":"<p>I. Los ember\u00e1 II. Los guna III. Los ngabe I. Los ember\u00e1 Por Owen Urstadt: Introducci\u00f3n a la comunidad: Mi comunidad ind\u00edgena es Ember\u00e1-Wounaan y viven en Panam\u00e1. Panam\u00e1 es un pa\u00eds en Centroam\u00e9rica y es muy interesante por muchas razones. Panam\u00e1 tiene 4.351 millones personas y hablan espa\u00f1ol. Panam\u00e1 es muy bonita y tiene &hellip; <a href=\"https:\/\/blog.uvm.edu\/hispanic_tales\/panama\/\" class=\"more-link\">Continue reading <span class=\"screen-reader-text\">Panam\u00e1<\/span><\/a><\/p>\n","protected":false},"author":9325,"featured_media":0,"parent":0,"menu_order":0,"comment_status":"closed","ping_status":"closed","template":"page-templates\/grid-page.php","meta":{"footnotes":""},"class_list":["post-170","page","type-page","status-publish","hentry"],"featured_image_src":null,"featured_image_src_square":null,"_links":{"self":[{"href":"https:\/\/blog.uvm.edu\/hispanic_tales\/wp-json\/wp\/v2\/pages\/170","targetHints":{"allow":["GET"]}}],"collection":[{"href":"https:\/\/blog.uvm.edu\/hispanic_tales\/wp-json\/wp\/v2\/pages"}],"about":[{"href":"https:\/\/blog.uvm.edu\/hispanic_tales\/wp-json\/wp\/v2\/types\/page"}],"author":[{"embeddable":true,"href":"https:\/\/blog.uvm.edu\/hispanic_tales\/wp-json\/wp\/v2\/users\/9325"}],"replies":[{"embeddable":true,"href":"https:\/\/blog.uvm.edu\/hispanic_tales\/wp-json\/wp\/v2\/comments?post=170"}],"version-history":[{"count":8,"href":"https:\/\/blog.uvm.edu\/hispanic_tales\/wp-json\/wp\/v2\/pages\/170\/revisions"}],"predecessor-version":[{"id":583,"href":"https:\/\/blog.uvm.edu\/hispanic_tales\/wp-json\/wp\/v2\/pages\/170\/revisions\/583"}],"wp:attachment":[{"href":"https:\/\/blog.uvm.edu\/hispanic_tales\/wp-json\/wp\/v2\/media?parent=170"}],"curies":[{"name":"wp","href":"https:\/\/api.w.org\/{rel}","templated":true}]}}